{"id":165,"date":"2017-11-24T15:38:54","date_gmt":"2017-11-24T15:38:54","guid":{"rendered":"http:\/\/integralworksrl.com\/website\/?page_id=165"},"modified":"2021-05-17T19:28:21","modified_gmt":"2021-05-17T19:28:21","slug":"quienes-somos","status":"publish","type":"page","link":"http:\/\/integralworksrl.com\/website\/quienes-somos\/","title":{"rendered":"Qui\u00e9nes Somos"},"content":{"rendered":"\t\t<div data-elementor-type=\"wp-post\" data-elementor-id=\"165\" class=\"elementor elementor-165 elementor-bc-flex-widget\" data-elementor-settings=\"[]\">\n\t\t\t\t\t\t<div class=\"elementor-inner\">\n\t\t\t\t\t\t\t<div class=\"elementor-section-wrap\">\n\t\t\t\t\t\t\t<section class=\"elementor-section elementor-top-section elementor-element elementor-element-16b9880 elementor-section-boxed elementor-section-height-default elementor-section-height-default\" data-id=\"16b9880\" data-element_type=\"section\">\n\t\t\t\t\t\t<div class=\"elementor-container elementor-column-gap-no\">\n\t\t\t\t\t\t\t<div class=\"elementor-row\">\n\t\t\t\t\t<div class=\"elementor-column elementor-col-33 elementor-top-column elementor-element elementor-element-ebf5ed4\" data-id=\"ebf5ed4\" data-element_type=\"column\">\n\t\t\t<div class=\"elementor-column-wrap elementor-element-populated\">\n\t\t\t\t\t\t\t<div class=\"elementor-widget-wrap\">\n\t\t\t\t\t\t<div class=\"elementor-element elementor-element-843d402 elementor-widget elementor-widget-image\" data-id=\"843d402\" data-element_type=\"widget\" data-widget_type=\"image.default\">\n\t\t\t\t<div class=\"elementor-widget-container\">\n\t\t\t\t\t\t\t\t<div class=\"elementor-image\">\n\t\t\t\t\t\t\t\t\t\t\t\t<img width=\"750\" height=\"469\" src=\"http:\/\/integralworksrl.com\/website\/wp-content\/uploads\/2017\/11\/FOTO-5-768x480.jpg\" class=\"attachment-medium_large size-medium_large\" alt=\"\" loading=\"lazy\" srcset=\"http:\/\/integralworksrl.com\/website\/wp-content\/uploads\/2017\/11\/FOTO-5-768x480.jpg 768w, http:\/\/integralworksrl.com\/website\/wp-content\/uploads\/2017\/11\/FOTO-5-300x188.jpg 300w, http:\/\/integralworksrl.com\/website\/wp-content\/uploads\/2017\/11\/FOTO-5.jpg 800w\" sizes=\"(max-width: 750px) 100vw, 750px\" \/>\t\t\t\t\t\t\t\t\t\t\t\t\t\t<\/div>\n\t\t\t\t\t\t<\/div>\n\t\t\t\t<\/div>\n\t\t\t\t\t\t<\/div>\n\t\t\t\t\t<\/div>\n\t\t<\/div>\n\t\t\t\t<div class=\"elementor-column elementor-col-33 elementor-top-column elementor-element elementor-element-9416e3a\" data-id=\"9416e3a\" data-element_type=\"column\">\n\t\t\t<div class=\"elementor-column-wrap elementor-element-populated\">\n\t\t\t\t\t\t\t<div class=\"elementor-widget-wrap\">\n\t\t\t\t\t\t<div class=\"elementor-element elementor-element-d9e56e5 elementor-widget elementor-widget-image\" data-id=\"d9e56e5\" data-element_type=\"widget\" data-widget_type=\"image.default\">\n\t\t\t\t<div class=\"elementor-widget-container\">\n\t\t\t\t\t\t\t\t<div class=\"elementor-image\">\n\t\t\t\t\t\t\t\t\t\t\t\t<img width=\"750\" height=\"469\" src=\"http:\/\/integralworksrl.com\/website\/wp-content\/uploads\/2017\/11\/FOTO-1-768x480.jpg\" class=\"attachment-medium_large size-medium_large\" alt=\"\" loading=\"lazy\" srcset=\"http:\/\/integralworksrl.com\/website\/wp-content\/uploads\/2017\/11\/FOTO-1-768x480.jpg 768w, http:\/\/integralworksrl.com\/website\/wp-content\/uploads\/2017\/11\/FOTO-1-300x188.jpg 300w, http:\/\/integralworksrl.com\/website\/wp-content\/uploads\/2017\/11\/FOTO-1.jpg 800w\" sizes=\"(max-width: 750px) 100vw, 750px\" \/>\t\t\t\t\t\t\t\t\t\t\t\t\t\t<\/div>\n\t\t\t\t\t\t<\/div>\n\t\t\t\t<\/div>\n\t\t\t\t\t\t<\/div>\n\t\t\t\t\t<\/div>\n\t\t<\/div>\n\t\t\t\t<div class=\"elementor-column elementor-col-33 elementor-top-column elementor-element elementor-element-81de71f\" data-id=\"81de71f\" data-element_type=\"column\">\n\t\t\t<div class=\"elementor-column-wrap elementor-element-populated\">\n\t\t\t\t\t\t\t<div class=\"elementor-widget-wrap\">\n\t\t\t\t\t\t<div class=\"elementor-element elementor-element-ad5428f elementor-widget elementor-widget-image\" data-id=\"ad5428f\" data-element_type=\"widget\" data-widget_type=\"image.default\">\n\t\t\t\t<div class=\"elementor-widget-container\">\n\t\t\t\t\t\t\t\t<div class=\"elementor-image\">\n\t\t\t\t\t\t\t\t\t\t\t\t<img width=\"750\" height=\"469\" src=\"http:\/\/integralworksrl.com\/website\/wp-content\/uploads\/2017\/11\/FOTO-4-768x480.jpg\" class=\"attachment-medium_large size-medium_large\" alt=\"\" loading=\"lazy\" srcset=\"http:\/\/integralworksrl.com\/website\/wp-content\/uploads\/2017\/11\/FOTO-4-768x480.jpg 768w, http:\/\/integralworksrl.com\/website\/wp-content\/uploads\/2017\/11\/FOTO-4-300x188.jpg 300w, http:\/\/integralworksrl.com\/website\/wp-content\/uploads\/2017\/11\/FOTO-4.jpg 800w\" sizes=\"(max-width: 750px) 100vw, 750px\" \/>\t\t\t\t\t\t\t\t\t\t\t\t\t\t<\/div>\n\t\t\t\t\t\t<\/div>\n\t\t\t\t<\/div>\n\t\t\t\t\t\t<\/div>\n\t\t\t\t\t<\/div>\n\t\t<\/div>\n\t\t\t\t\t\t\t\t<\/div>\n\t\t\t\t\t<\/div>\n\t\t<\/section>\n\t\t\t\t<section class=\"elementor-section elementor-top-section elementor-element elementor-element-e0d2617 elementor-section-boxed elementor-section-height-default elementor-section-height-default\" data-id=\"e0d2617\" data-element_type=\"section\">\n\t\t\t\t\t\t<div class=\"elementor-container elementor-column-gap-no\">\n\t\t\t\t\t\t\t<div class=\"elementor-row\">\n\t\t\t\t\t<div class=\"elementor-column elementor-col-100 elementor-top-column elementor-element elementor-element-2816027\" data-id=\"2816027\" data-element_type=\"column\">\n\t\t\t<div class=\"elementor-column-wrap elementor-element-populated\">\n\t\t\t\t\t\t\t<div class=\"elementor-widget-wrap\">\n\t\t\t\t\t\t<div class=\"elementor-element elementor-element-c5802a1 elementor-widget elementor-widget-text-editor\" data-id=\"c5802a1\" data-element_type=\"widget\" data-widget_type=\"text-editor.default\">\n\t\t\t\t<div class=\"elementor-widget-container\">\n\t\t\t\t\t\t\t\t<div class=\"elementor-text-editor elementor-clearfix\">\n\t\t\t\t<p style=\"text-align: justify; font-family: Helvetica; font-size: 16px; color: #7a7a7a;\">Con m\u00e1s de 50 a\u00f1os de trayectoria en el mercado argentino, nace all\u00e1 por el 1950 una empresa familiar conformada por la uni\u00f3n de sus cuatro hermanos fundadores: Elias, Roberto, Alfredo y Gilberto Peon, descendientes de Espa\u00f1oles, quienes dejaron atr\u00e1s sus ra\u00edces para incursionar en la fabricaci\u00f3n de calzados para uniformes y seguridad industrial. Hoy en d\u00eda lleva el nombre de Integral Work.<\/p><p style=\"text-align: justify; font-family: Helvetica; font-size: 16px; color: #7a7a7a;\">Con la idea de hacer crecer el negocio y poder satisfacer las necesidades de sus clientes, a lo largo de los a\u00f1os, fueron incursionando en nuevas tendencias y tecnolog\u00edas lo que les permiti\u00f3 poder ofrecer nuevos productos confeccionados con la mejor materia prima.<\/p><p style=\"text-align: justify; font-family: Helvetica; font-size: 16px; color: #7a7a7a;\">Actualmente, Integral Work, sigue siendo una empresa que trabaja para entregar el mejor calzado de seguridad con una equipo capacitado para brindar la mejor atenci\u00f3n, lo que nos permite poder ofrecer un servicio de calidad, entregando en tiempo y forma, seg\u00fan las necesidades de nuestros cliente.<\/p>\t\t\t\t\t<\/div>\n\t\t\t\t\t\t<\/div>\n\t\t\t\t<\/div>\n\t\t\t\t\t\t<\/div>\n\t\t\t\t\t<\/div>\n\t\t<\/div>\n\t\t\t\t\t\t\t\t<\/div>\n\t\t\t\t\t<\/div>\n\t\t<\/section>\n\t\t\t\t<section class=\"elementor-section elementor-top-section elementor-element elementor-element-7d0c85c elementor-section-boxed elementor-section-height-default elementor-section-height-default\" data-id=\"7d0c85c\" data-element_type=\"section\">\n\t\t\t\t\t\t<div class=\"elementor-container elementor-column-gap-default\">\n\t\t\t\t\t\t\t<div class=\"elementor-row\">\n\t\t\t\t\t<div class=\"elementor-column elementor-col-33 elementor-top-column elementor-element elementor-element-99a7fce\" data-id=\"99a7fce\" data-element_type=\"column\">\n\t\t\t<div class=\"elementor-column-wrap elementor-element-populated\">\n\t\t\t\t\t\t\t<div class=\"elementor-widget-wrap\">\n\t\t\t\t\t\t<div class=\"elementor-element elementor-element-12b6b2e elementor-widget elementor-widget-heading\" data-id=\"12b6b2e\" data-element_type=\"widget\" data-widget_type=\"heading.default\">\n\t\t\t\t<div class=\"elementor-widget-container\">\n\t\t\t<h2 class=\"elementor-heading-title elementor-size-default\">Misi\u00f3n<\/h2>\t\t<\/div>\n\t\t\t\t<\/div>\n\t\t\t\t<div class=\"elementor-element elementor-element-3f765a4 elementor-widget elementor-widget-text-editor\" data-id=\"3f765a4\" data-element_type=\"widget\" data-widget_type=\"text-editor.default\">\n\t\t\t\t<div class=\"elementor-widget-container\">\n\t\t\t\t\t\t\t\t<div class=\"elementor-text-editor elementor-clearfix\">\n\t\t\t\t<p style=\"text-align: justify;\"><strong style=\"color: #7a7a7a; font-family: Helvetica; font-size: 16px;\">Integral Work<\/strong><span style=\"color: #7a7a7a; font-family: Helvetica; font-size: 16px; text-align: justify;\">\u00a0es una empresa familiar, con mas de 50 a\u00f1os de trayectoria en el mercado nacional, que cuenta con un equipo de personas que elaboran, con pasi\u00f3n y compromiso, calzados de seguridad y uniformes, brindando un servicio personalizado y de calidad.<\/span><\/p>\t\t\t\t\t<\/div>\n\t\t\t\t\t\t<\/div>\n\t\t\t\t<\/div>\n\t\t\t\t\t\t<\/div>\n\t\t\t\t\t<\/div>\n\t\t<\/div>\n\t\t\t\t<div class=\"elementor-column elementor-col-33 elementor-top-column elementor-element elementor-element-8f7560b\" data-id=\"8f7560b\" data-element_type=\"column\">\n\t\t\t<div class=\"elementor-column-wrap elementor-element-populated\">\n\t\t\t\t\t\t\t<div class=\"elementor-widget-wrap\">\n\t\t\t\t\t\t<div class=\"elementor-element elementor-element-b35cf57 elementor-widget elementor-widget-heading\" data-id=\"b35cf57\" data-element_type=\"widget\" data-widget_type=\"heading.default\">\n\t\t\t\t<div class=\"elementor-widget-container\">\n\t\t\t<h2 class=\"elementor-heading-title elementor-size-default\">Visi\u00f3n<\/h2>\t\t<\/div>\n\t\t\t\t<\/div>\n\t\t\t\t<div class=\"elementor-element elementor-element-8e7a49c elementor-widget elementor-widget-text-editor\" data-id=\"8e7a49c\" data-element_type=\"widget\" data-widget_type=\"text-editor.default\">\n\t\t\t\t<div class=\"elementor-widget-container\">\n\t\t\t\t\t\t\t\t<div class=\"elementor-text-editor elementor-clearfix\">\n\t\t\t\t<p style=\"text-align: justify; color: #7a7a7a; font-family: Helvetica; font-size: 16px;\">Trabajamos d\u00eda a d\u00eda para convertirnos en una empresa consolidada, l\u00edder en calzado de seguridad en el mercado nacional argentino, ofreciendo productos de m\u00e1xima calidad, cumpliendo con la plena satisfacci\u00f3n de los clientes y una pol\u00edtica de responsabilidad, respeto y cumplimiento hacia los proveedores y empleados.<\/p>\t\t\t\t\t<\/div>\n\t\t\t\t\t\t<\/div>\n\t\t\t\t<\/div>\n\t\t\t\t\t\t<\/div>\n\t\t\t\t\t<\/div>\n\t\t<\/div>\n\t\t\t\t<div class=\"elementor-column elementor-col-33 elementor-top-column elementor-element elementor-element-5be712e\" data-id=\"5be712e\" data-element_type=\"column\">\n\t\t\t<div class=\"elementor-column-wrap elementor-element-populated\">\n\t\t\t\t\t\t\t<div class=\"elementor-widget-wrap\">\n\t\t\t\t\t\t<div class=\"elementor-element elementor-element-4ebe7c7 elementor-widget elementor-widget-heading\" data-id=\"4ebe7c7\" data-element_type=\"widget\" data-widget_type=\"heading.default\">\n\t\t\t\t<div class=\"elementor-widget-container\">\n\t\t\t<h2 class=\"elementor-heading-title elementor-size-default\">\u00bfQu\u00e9 nos define?<\/h2>\t\t<\/div>\n\t\t\t\t<\/div>\n\t\t\t\t<div class=\"elementor-element elementor-element-489555a elementor-widget elementor-widget-text-editor\" data-id=\"489555a\" data-element_type=\"widget\" data-widget_type=\"text-editor.default\">\n\t\t\t\t<div class=\"elementor-widget-container\">\n\t\t\t\t\t\t\t\t<div class=\"elementor-text-editor elementor-clearfix\">\n\t\t\t\t<p style=\"text-align: justify; color: #7a7a7a; font-family: Helvetica; font-size: 16px;\">Los cinco pilares que representan a nuestra marca son: <b>calidad, compromiso, pasi\u00f3n, expertise de industria y experiencia en el servicio al cliente.<\/b><\/p>\t\t\t\t\t<\/div>\n\t\t\t\t\t\t<\/div>\n\t\t\t\t<\/div>\n\t\t\t\t\t\t<\/div>\n\t\t\t\t\t<\/div>\n\t\t<\/div>\n\t\t\t\t\t\t\t\t<\/div>\n\t\t\t\t\t<\/div>\n\t\t<\/section>\n\t\t\t\t\t\t<\/div>\n\t\t\t\t\t\t<\/div>\n\t\t\t\t\t<\/div>\n\t\t","protected":false},"excerpt":{"rendered":"<p>Con m\u00e1s de 50 a\u00f1os de trayectoria en el mercado argentino, nace all\u00e1 por el 1950 una empresa familiar conformada por la uni\u00f3n de sus cuatro hermanos fundadores: Elias, Roberto, Alfredo y Gilberto Peon, descendientes de Espa\u00f1oles, quienes dejaron atr\u00e1s sus ra\u00edces para incursionar en la fabricaci\u00f3n de calzados para uniformes y seguridad industrial. Hoy [&hellip;]<\/p>\n","protected":false},"author":2,"featured_media":0,"parent":0,"menu_order":0,"comment_status":"closed","ping_status":"closed","template":"","meta":[],"_links":{"self":[{"href":"http:\/\/integralworksrl.com\/website\/wp-json\/wp\/v2\/pages\/165"}],"collection":[{"href":"http:\/\/integralworksrl.com\/website\/wp-json\/wp\/v2\/pages"}],"about":[{"href":"http:\/\/integralworksrl.com\/website\/wp-json\/wp\/v2\/types\/page"}],"author":[{"embeddable":true,"href":"http:\/\/integralworksrl.com\/website\/wp-json\/wp\/v2\/users\/2"}],"replies":[{"embeddable":true,"href":"http:\/\/integralworksrl.com\/website\/wp-json\/wp\/v2\/comments?post=165"}],"version-history":[{"count":0,"href":"http:\/\/integralworksrl.com\/website\/wp-json\/wp\/v2\/pages\/165\/revisions"}],"wp:attachment":[{"href":"http:\/\/integralworksrl.com\/website\/wp-json\/wp\/v2\/media?parent=165"}],"curies":[{"name":"wp","href":"https:\/\/api.w.org\/{rel}","templated":true}]}}